at is -13 - 55400?
-55413
In base 13, what is -73 - -901?
85b
In base 15, what is 159 - 4dc?
-383
In base 16, what is e - 3b4e?
-3b40
In base 3, what is -21011212212 - 12?
-21011220001
In base 5, what is -4 + 314332314?
314332310
In base 12, what is b04 - 953?
171
In base 4, what is 1121310 - 331?
1120313
In base 10, what is 41 - 309?
-268
In base 5, what is -14 - 12101?
-12120
In base 14, what is 0 - 43c7?
-43c7
In base 14, what is -a1 + -26b2?
-2773
In base 14, what is 635 + -3a?
5d9
In base 8, what is -2227 + -116?
-2345
In base 16, what is -292 - 286?
-518
In base 7, what is -12 + -5361?
-5403
In base 8, what is 4 + 36436?
36442
In base 13, what is 3746b - -5?
37473
In base 3, what is 11012 + 1010122011?
1010210100
In base 3, what is 20012210 - -2100?
20022010
In base 16, what is -2d6 + e8?
-1ee
In base 6, what is 3132 + 13034?
20210
In base 6, what is 104 - -4051?
4155
In base 12, what is -9578 - 6?
-9582
In base 2, what is 10100 + -110100101010111110?
-110100101010101010
In base 10, what is 1 + -4951?
-4950
In base 14, what is 1b89 + -4?
1b85
In base 10, what is 3085 + 35?
3120
In base 12, what is 3bb71 + 1?
3bb72
In base 5, what is 10141133 - 10?
10141123
In base 16, what is 234 + b?
23f
In base 8, what is -101 - -5257?
5156
In base 4, what is -1 - 1133122?
-1133123
In base 3, what is 1112101 + 1120?
1120221
In base 10, what is -31 - 1284?
-1315
In base 8, what is 6426 + 5?
6433
In base 4, what is -11201 + -213?
-12020
In base 15, what is 7723 + -1?
7722
In base 9, what is 0 - -1342450?
1342450
In base 11, what is a + -12774a?
-127740
In base 4, what is 10 - -2233303?
2233313
In base 10, what is 5 + 10184?
10189
In base 13, what is -7 - 43a5?
-43ac
In base 3, what is -10 + -1100112002?
-1100112012
In base 8, what is -1412 - -516?
-674
In base 13, what is 132 - 63?
9c
In base 14, what is 8c2 - -33?
915
In base 7, what is -12623 - -51?
-12542
In base 3, what is 211100102 - 1?
211100101
In base 11, what is 48392 + -24?
48369
In base 9, what is -227 - 47?
-275
In base 8, what is 2703 - -126?
3031
In base 3, what is 1002221 + 1?
1002222
In base 9, what is -2 - 14585?
-14587
In base 7, what is -566 - -23526?
22630
In base 16, what is -3 + -71f?
-722
In base 15, what is -e9 - 0?
-e9
In base 2, what is -101 + -101010100011111?
-101010100100100
In base 6, what is -13 - -412350?
412333
In base 13, what is -2 + -a7987?
-a7989
In base 3, what is 11222 + 101112111?
101201110
In base 8, what is -31 + 2173?
2142
In base 10, what is -3 - -718969?
718966
In base 11, what is -261 + 74?
-198
In base 7, what is -11 - 1665?
-2006
In base 4, what is -312 + 122222?
121310
In base 12, what is -7a15 - -12?
-7a03
In base 14, what is -2 + -30a6c?
-30a70
In base 11, what is 1a + -7963?
-7944
In base 11, what is -25a - 55?
-304
In base 8, what is -10430 + -161?
-10611
In base 12, what is -1 - 39892a?
-39892b
In base 4, what is -22 + -32213101?
-32213123
In base 5, what is 11 - -443200?
443211
In base 12, what is 23 + -47678?
-47655
In base 10, what is 7847 + 0?
7847
In base 10, what is -3712 + -2?
-3714
In base 12, what is 3b97b - 0?
3b97b
In base 15, what is 7e + -e0?
-61
In base 3, what is 2 - -110101022?
110101101
In base 10, what is -1951 - 66?
-2017
In base 8, what is 5 - -222425?
222432
In base 9, what is -233133 - -15?
-233117
In base 4, what is -2012212 - -232?
-2011320
In base 12, what is -2 - -467364?
467362
In base 7, what is -53504141 + -1?
-53504142
In base 4, what is -3202 + -2003?
-11211
In base 9, what is 367118 + 5?
367124
In base 7, what is 16 + -66532?
-66513
In base 12, what is 3 - 5151?
-514a
In base 3, what is -10220 + -1000?
-11220
In base 11, what is 676 - -a1?
767
In base 9, what is 8277 + 13?
8301
In base 7, what is 3 + 20442?
20445
In base 11, what is 33368 - -8?
33375
In base 13, what is 28b + 3b?
2c9
In base 15, what is 67da - -e?
67e9
In base 3, what is 10 - -1111000220?
1111001000
In base 6, what is 21 + -512232?
-512211
In base 11, what is 48 + -1724?
-1687
In base 4, what is 222 + 3230011?
3230233
In base 16, what is 4fc6 + 30?
4ff6
In base 12, what is 18ab3 - 3?
18ab0
In base 10, what is -8 - 220248?
-220256
In base 4, what is 3311301 + -2232?
3303003
In base 16, what is 180f + -5?
180a
In base 11, what is -22a02 + -1?
-22a03
In base 5, what is -1 - -23204040?
23204034
In base 14, what is -3c04 - -3?
-3c01
In base 3, what is 112102221 + -10021?
112022200
In base 15, what is c8 + 39d?
476
In base 10, what is -9 + -7247?
-7256
In base 13, what is -31 - -78a?
759
In base 14, what is 1 + 1cd04a?
1cd04b
In base 5, what is 3302211032 - -4?
3302211041
In base 3, what is 2001022101 - 220?
2001021111
In base 4, what is 21 - -20230201?
20230222
In base 15, what is -8685 - 1?
-8686
In base 6, what is 4 + -1444550?
-1444542
In base 9, what is 10011 - -10?
10021
In base 3, what is -100012202120 + -10?
-100012202200
In base 5, what is -1423330441 + -4?
-1423331000
In base 12, what is 19 + -10b7?
-109a
In base 4, what is -31213 - 1013?
-32232
In base 2, what is 10001 - -10010100011011?
10010100101100
In base 6, what is -1243 + -233?
-1520
In base 8, what is 16473 - 2?
16471
In base 11, what is -76402 - -1?
-76401
In base 10, what is -15 - -112?
97
In base 5, what is 1130430 - 0?
1130430
In base 5, what is 1 + -4244404?
-4244403
In base 8, what is -10 - 121742?
-121752
In base 12, what is -1 + -894?
-895
In base 3, what is -10020221 + -1121?
-10022112
In base 4, what is 2 + 103211020?
103211022
In base 7, what is -335 - -20353?
20015
In base 4, what is 1 + 13132231?
13132232
In base 16, what is -1461 + 355?
-110c
In base 11, what is 0 + 7169?
7169
In base 7, what is -6 + 23311?
23302
In base 6, what is -41341 - 45?
-41430
In base 13, what is -10a + -75b?
-868
In base 7, what is 23202 - 0?
23202
In base 14, what is 3 - -1bcb56?
1bcb59
In base 15, what is 10ecb + 0?
10ecb
In base 7, what is 615 - -2450?
3365
In base 4, what is 11231233 - 302?
11230331
In base 11, what is 9295 + 5?
929a
In base 13, what is 7138c - 5?
71387
In base 8, what is 5 - -6071?
6076
In base 9, what is 2087542 - 2?
2087540
In base 8, what is -25 + 4326?
4301
In base 9, what is 12 + -58236?
-58224
In base 4, what is -12111200 - 102?
-12111302
In base 4, what is 1 + 1202112?
1202113
In base 10, what is -130872 - 4?
-130876
In base 10, what is 1486 - -2318?
3804
In base 13, what is -3452 - -2?
-3450
In base 13, what is 4 + 3b7c2?
3b7c6
In base 8, what is 164260 + 1?
164261
In base 4, what is 300123300 + 0?
300123300
In base 15, what is 3 + -b6dd?
-b6da
In base 7, what is 16 - 104112?
-104063
In base 4, what is 1 + -10202323?
-10202322
In base 7, what is 2166666 + 3?
2200002
In base 5, what is 2422 - 441?
1431
In base 5, what is 22424 - 1012?
21412
In base 13, what is -8bc - -18?
-8a4
In base 11, what is -5719 + 331?
-5398
In base 14, what is 32 + -89?
-57
In base 4, what is 21132 + 102?
21300
In base 7, what is 612 + 6?
621
In base 14, what is 4c14 - -166?
4d7a
In base 16, what is -1e9b4 - 4?
-1e9b8
In base 12, what is -a + -3b72?
-3b80
In base 13, what is 1c32b1 + 0?
1c32b1
In base 9, what is -4 - -15171?
15166
In base 2, what is -10 + -110101100010010111?
-110101100010011001
In base 6, what is 3 + -352304?
-352301
In base 9, what is -2043 - 3062?
-5115
In base 8, what is -3 + 3561354?
3561351
In base 5, what is 2111 + -1?
2110
In base 3, what is -1222221110010 - -1?
-1222221110002
In base 15, what is 249 + a6a?
cb4
In base 6, what is 5 - 31333?
-31324
In base 13, what is 1870 + 29?
1899
In base 16, what is -b1 + -11e?
-1cf
In base 12, what is -10a - 212?
-320
In base 3, what is 2010100210 - -12?
2010100222
In base 13, what is -5b + 8747?
86b9
In base 16, what is 1e0 - -1?
1e1
In base 10, what is -8 + 8238?
8230
In base 16, what is -4fb - -9e?
-45d
In base 5, what is -302302 - 113?
-302420
In base 15, what is -142 - -ac?
-85
In base 3, what is -1210 + -111121110?
-111200020
In base 5, what is -204 + -13001220?
-13001424
In base 9, what is 22277 - -178?
22466
In base 8, what is -5 + -347777?
-350004
In base 2, what is 1111 - 11111111?
-11110000
In base 13, what is 7851 - 6?
7848
In base 10, what is -7 + -2110?
-2117
In base 11, what is 24 + -7854?
-7830
In base 3, what is 0 - -122120012210?
122120012210
In base 12, what is 2455 - -4?
2459
In base 14, what is 313 - 36?
2bb
In